 13. Suppose -3*d + 0*d + l*c + 130 = 0, 2*d + 4*c = 116. Let p = d + -13. What is the units digit of p?
7
Let q be ((-2)/(-6))/((-1)/9). Let r(t) = t**3 + 3*t**2 - t - 2. What is the units digit of r(q)?
1
Suppose 0 = -3*m - 3*z - 156, -8*z + 223 = -4*m - 7*z. What is the tens digit of m/((12/(-18))/((-2)/(-3)))?
5
Let k(u) be the second derivative of u**5/5 - u**4/6 - u**3 - u**2 + u. What is the units digit of k(3)?
0
Let r(f) = 56*f + 7. Let n(p) = -p + 5. Let w be n(3). What is the hundreds digit of r(w)?
1
Let n be ((-2)/6)/((-6)/18). Suppose 3*s - 4*b - 2 = 0, 0 = -2*b + 1 + n. Suppose -s = f - 15. What is the tens digit of f?
1
Let h(t) = t**2 - 4*t - 3. Let y be h(3). Let p = 24 - y. What is the tens digit of p?
3
Suppose -1 = 3*h - 1. Suppose 0*q - 172 = -q + l, h = 4*q - 5*l - 688. What is the units digit of q?
2
Suppose -5*j + 4*q + 927 - 3052 = 0, -q = 5*j + 2125. Let u = -67 + j. What is the tens digit of 2/10 + u/(-15)?
3
Let d = -2 + 6. Let c be 6/d*(-1 - -3). What is the units digit of ((-10)/c)/(6/(-45))?
5
Let b(l) = -19*l + 46. Suppose -3*s + 3*x - 54 = 2*s, -5*s = 5*x + 70. What is the tens digit of b(s)?
7
What is the hundreds digit of 1794 + 18/(-42) + (-9)/(-21)?
7
Let g = 16 - 13. Let c be 3*(4/(-3) + g). Suppose -2*q - 9 = 3*m - 21, 3*q - 17 = -c*m. What is the units digit of q?
9
Suppose -4*w - 19 = -b, 45 = 4*b - 5*w + 2. Suppose b*c - 9*c + 230 = 0. Suppose c = 5*m - 0*m. What is the tens digit of m?
2
Let n be 39/1*4/(-12). Let j = n - -8. Let o(r) = -4*r + 7. What is the tens digit of o(j)?
2
Let m be 3*-1*(-3)/(-1). Suppose 3*i = 4*z + 17, -4*i + 5*z + 19 = -i. What is the units digit of (-154)/(-6) - i/m?
6
Let d(h) = 4*h - 5. Suppose g = 6 - 4. Let s be d(g). Let o = s - -6. What is the units digit of o?
9
Suppose v - 1546 = 4*j - 481, 4*j = -8. What is the thousands digit of v?
1
Let a(y) = 3*y**2 - 6*y - 2. Let d be a(6). Let t = -52 + d. What is the units digit of t?
8
Suppose 0 = f - 4*c - 563, 2*c + 1144 = -3*f + 5*f. What is the hundreds digit of f?
5
Let i(s) = -23*s + 1745. What is the tens digit of i(0)?
4
Let a = 106 - -488. Suppose 414 + a = 7*f. What is the tens digit of f?
4
Let z(t) be the first derivative of t**5/60 + t**4/24 - 5*t**3/6 - t**2 - 2. Let y(r) be the second derivative of z(r). What is the tens digit of y(5)?
2
Let x = 18 + -10. Suppose -30 = -5*k + y + 4*y, 0 = k + 3*y - 10. What is the units digit of k/(-28) - (-186)/x?
3
Suppose 424 = 5*o + 3*k + k, -2*o + 4*k = -192. What is the tens digit of o?
8
Let w = 15 - 16. Let y = w + 5. Suppose -88 + y = -3*l. What is the tens digit of l?
2
Let d = 621 + -457. What is the tens digit of d?
6
Suppose -7*s + 10 = -25. Suppose -r + s*h = -7 - 61, 193 = 3*r - 4*h. What is the units digit of r?
3
Let d = 3859 + -2088. What is the tens digit of d?
7
Suppose 1038 = h + 188. What is the units digit of h?
0
Let z = -95 - -255. Suppose z + 568 = 13*l. What is the units digit of l?
6
Suppose 5*b = 5 - 20, b + 6319 = 2*y. What is the units digit of y?
8
Suppose 0 = 4*o - 5*o + 676. What is the units digit of o?
6
Let j(h) be the third derivative of h**4/4 - 8*h**3/3 - 7*h**2. What is the units digit of j(5)?
4
Suppose -38*k + 15 = -35*k. Suppose 78 = u + 4*x, 3*x - x + 412 = k*u. What is the tens digit of u?
8
Let j = -15 - -14. Let h be 28/7 - (j + -9). Suppose 2*b - 4*b + h = 0. What is the units digit of b?
7
Let i be -34*(-3)/3 + -4. Let t = 91 - i. Suppose -2*f = 5*x + f - t, 2*x - 2*f - 34 = 0. What is the tens digit of x?
1
Suppose 14 = 4*f + 6. Suppose -3*x = 4*j - 127, -j = f*x + 2*x - 165. What is the units digit of x?
1
Suppose -9500 = -11*a - 9*a. What is the hundreds digit of a?
4
Suppose 166 + 78 = 2*z. Suppose 5*f - 8*k + z = -4*k, 2 = -k. Let n = f + 43. What is the tens digit of n?
1
Let k(c) = 16*c + 117 - 108 + c**2 + 2*c**2. Let y be k(-11). Suppose 0 = -0*o - 4*o + y. What is the units digit of o?
9
Let l be (-3)/(-3) + (-200)/(-12)*3. What is the tens digit of l + -10 + 10 + 1/(-1)?
5
Let r(d) = 13*d**3 - d**2 + 2*d - 1. Let u be r(1). Let f(l) = 8 + 2*l**2 - u - 3*l**2 - 7 - 11*l. What is the units digit of f(-9)?
6
Let a(u) = 3*u**3 + u**2 - 14*u - 23. Let g be a(10). Suppose -5*z - 6*z = -g. What is the tens digit of z?
6
Let g = -123 - -766. What is the units digit of g?
3
What is the units digit of (-6)/(-10) - 165456/(-240)?
0
Let u(s) = -s**3 + 7*s**2 + 8*s + 3. Let v be u(8). Let q be v + 7/((-14)/(-276)). Let o = q + -98. What is the tens digit of o?
4
What is the units digit of (-2)/(-16) - 103866/(-48)?
4
Let v(k) = 85*k**2 - 21*k - 56. What is the units digit of v(-5)?
4
Let b(k) = -32*k + 33. Suppose 23*m = 10*m - 52. What is the hundreds digit of b(m)?
1
Let k(b) = -6*b**2 - 7*b + 16. Let w(y) = 2*y**2 + 2*y - 5. Let d(v) = 2*k(v) + 7*w(v). Let j be d(-6). Let o = 97 - j. What is the tens digit of o?
2
Let j = -2289 - -7709. What is the thousands digit of j?
5
Suppose w = h - 3*w - 32, -26 = -h + w. Suppose h = -q + 5*q. Suppose -z - 8 = -u, 5*u + 1 = -2*z + q. What is the units digit of u?
3
Let r be -2 + 4 + 12/(-3). Let b(s) = -s**3 - 3*s**2 - 5*s - 7. Let f be b(r). What is the tens digit of (-30)/(-4 - 2/f)?
1
Let h(j) = 15*j**2 + 31*j + 45. What is the tens digit of h(-9)?
8
Let a(t) = 4*t**3 + 2*t**2 - 3. Let x(u) = -u**3 - u. Let g(y) = -a(y) - 3*x(y). What is the hundreds digit of g(-7)?
2
Suppose 0 = 3*p + 2*p - 15. Let o be (p - -1)*(-42)/8. What is the tens digit of (-30)/(-4)*(-28)/o?
1
Suppose -r + 2*a + 240 = 0, -4*a - 4 - 12 = 0. What is the tens digit of r?
3
Suppose 0 = n + 22 - 10. Let r = n + 29. What is the tens digit of r?
1
Let g(w) = -w**2 + 17*w + 2. Let r be g(13). What is the tens digit of (-42)/(-9)*r/((-9)/(-3))?
8
Let k = 2868 - 1886. What is the units digit of k?
2
Suppose -4*m = 2 - 14, 4*r - 2*m - 6 = 0. Let q(v) = v. Let x be q(r). Suppose -2*p + x*p - 24 = 0. What is the tens digit of p?
2
What is the tens digit of -7 + -9 + 6 - -1291?
8
Let v = 50 - 32. Let u = v - 13. Suppose u*a + n = 2*n + 131, 7 = a - 5*n. What is the units digit of a?
7
Suppose 3*l - 5*n = 29, 4*n - 28 = -2*l - 2*l. Let d = 15 - 10. Suppose d*v - 44 = -z, z + 0*z - l = 4*v. What is the tens digit of z?
2
Let t(m) = -3*m**3 - 11*m**2 - 2*m + 11. What is the tens digit of t(-8)?
5
Suppose -41*l + 58*l - 17833 = 0. What is the hundreds digit of l?
0
Let f(o) = -o**3 + 4*o**2 + o + 2. Let s be f(4). Suppose -s*r + 125 = -r. Suppose 5*d + r = 0, 0 = j + 3*j + 2*d - 62. What is the units digit of j?
8
Let r = 436 - 26. What is the tens digit of r?
1
Suppose -4*r - 180 = 3*y - 2*r, -5*y = -2*r + 300. What is the hundreds digit of 91/26*(-7)/(14/y)?
1
Suppose -27*s = -8624 - 4633. What is the units digit of s?
1
Let t = -28 + 74. What is the tens digit of t?
4
Suppose -5*m + 0*m = -3*l + 597, -5*l - 5*m = -995. Suppose 0 = -q + 2*v + 73, 2*v - l = -3*q + 4*v. What is the tens digit of (-8)/(-20) - q/(-5)?
1
Let t(y) = y**3 - 5*y**2 + 2*y + 7. Let l be t(7). Let b = 11 + -6. Suppose -j - u - 128 = -6*j, b*j + 2*u = l. What is the units digit of j?
5
Let z(p) = 8 + 3*p + 6 - 15. Let r be z(1). What is the units digit of ((-50)/(-5))/(r/8)?
0
Suppose 3*q - 2*q + 4097 = 3*b, 4107 = 3*b - 3*q. What is the hundreds digit of b?
3
What is the hundreds digit of 1/(-1) + (-3 + -5 - -535)?
5
Let x be (23 - 5)/(0 + -1). Let v = x - -12. What is the units digit of 8/1 + v/3?
6
Suppose -100*d = -96*d - 4928. What is the thousands digit of d?
1
Suppose 0 = u + 4*c + 8, c = -3*u - 2*c + 12. What is the tens digit of 8*15 - (7 - u)?
2
Let b(c) be the second derivative of c**4/3 - c**3 + c**2 - 4*c. Let o be b(-5). Suppose -8*i = -5*i - o. What is the tens digit of i?
4
Suppose 10622 = 26*i - 10750. What is the tens digit of i?
2
Suppose -b + 5*n + 1105 = 0, -3*b + 3295 = 48*n - 43*n. What is the hundreds digit of b?
1
Let s = 1 + 2. Suppose 127 = s*a + d + 4*d, 24 = a - 2*d. What is the tens digit of a?
3
Let a be (-6)/21 - 148/(-28). Suppose 4*y - 2*y = 42. Let d = y + a. What is the units digit of d?
6
Let m be 3/(-6)*(15 - 1). Let n(g) = g**3 - 7*g**2 + 9*g - 19. Let z be n(4). Let d = m - z. What is the units digit of d?
4
Suppose 0 = 2*q + 27 + 19. Let z be ((-294)/(-24))/(2/8). Let n = z + q. What is the units digit of n